36*f + 2640. What is the highest common factor of f and h?
10
Let g be 5 - (0 - (1 + -3)). Suppose g*z - 75 = -2*z. Suppose -3*j + 8*j - z = 0. What is the greatest common factor of 9 and j?
3
Let i(z) = z**3 + 12*z**2 - 6*z + 40. Let g be i(-12). Calculate the highest common divisor of g and 16.
16
Let y = -77 - -85. What is the highest common factor of y and 8?
8
Suppose 2*r + 2*p = -p + 154, -r + p + 82 = 0. What is the highest common factor of 5 and r?
5
Suppose 0*a = -5*a + 25. Let z = 19 + a. Suppose 4*q - 40 = -8. What is the highest common factor of q and z?
8
Let d(z) = -2*z**2 + 18*z + 5. Let m be d(8). Calculate the greatest common factor of 189 and m.
21
Let r(y) = -y**3 + y**2 + y + 6. Let p be r(0). Let v(g) = g**2 - 4*g + 4. Let h be v(p). What is the greatest common factor of h and 80?
16
Let b(u) = 4*u**2 + 3*u - 3. Let n(k) = -2 + 5*k + 0 + 1 - k**2 + 0. Let p be n(3). Let j be b(p). Calculate the highest common divisor of 14 and j.
14
Let o = -5 - -2. Let p be 336/18*o/(-2). Suppose -3*y + 14 = -y. Calculate the greatest common divisor of p and y.
7
Let s = -18 + 31. Let y(j) = 18*j + 9. Let a = 2 + 4. Let o be y(a). Calculate the highest common factor of s and o.
13
Suppose -a = -2*t + 11, 4*t - 4*a = -t + 20. Calculate the highest common divisor of t and 24.
8
Let g = -15 - -16. What is the greatest common divisor of 2 and g?
1
Let r be 9 + ((-12)/4 - -1). Calculate the highest common factor of 14 and r.
7
Suppose 2*z + 3*y + 1 = 0, 23 = 5*z + 7*y - 8*y. Calculate the highest common divisor of z and 124.
4
Let a be (-1 + 0)/((-4)/8). Suppose 2*z = -4*t + 20, 0 = a*t - 4. Let c be 30/z*(-14)/(-5). Calculate the highest common divisor of c and 21.
7
Let c = -3 - 0. Let b = c - -2. Let v be ((-1)/(-2))/(b/(-4)). What is the greatest common factor of 5 and v?
1
Let r = -11 - -4. Let s be (1 - 15/(-21))*r. Let g = 3 - s. Calculate the greatest common divisor of g and 3.
3
Let l(i) = 3*i**2 - 21*i + 17. Let t(f) = f**2 - 5*f + 4. Let a(q) = -2*l(q) + 9*t(q). Let z be a(3). Calculate the highest common divisor of 50 and z.
10
Suppose 5*b + 0*l - 27 = 3*l, b - 9 = -3*l. Calculate the highest common factor of 2 and b.
2
Let p(k) = 22*k - 3. Let v be p(3). Let y = 31 + -10. What is the highest common divisor of y and v?
21
Let x(g) = -23*g + 3. Let a be x(-5). Let w = a + -63. What is the highest common divisor of w and 22?
11
Let s(l) = -2*l + 4. Let p be s(-4). Suppose -h = -f + 4*h + 37, -3*h = p. What is the greatest common factor of f and 51?
17
Let g(p) = -p**3 - 2*p**2 + 2*p + 3. Let f be (4/6)/(6/(-27)). Let r be g(f). What is the greatest common divisor of 3 and r?
3
Let s be -1*2/4*-2. Let c(f) = 2*f + 15. Let a be c(-11). Let k be 70/a*(-2)/4. Calculate the greatest common divisor of s and k.
1
Suppose -2*x - 3*a + 62 = 2*x, -2*x + 32 = 2*a. Let l(o) = 22*o**2 - 1. Let k be l(1). What is the highest common divisor of x and k?
7
Let l = 3 - -5. Let w = -5 + l. Suppose 5*h - 61 = -3*f, 3*f - 5*h - 74 = -w. Calculate the greatest common factor of 2 and f.
2
Let n be (-4)/(-14) - 159/(-7). Let r = -8 - -3. Let l = r + n. What is the greatest common factor of l and 162?
18
Let z be ((-2)/8*-4 - 0) + 8. Let w(o) = -5*o**3 + o**2. Let f be w(2). Let s be (-705)/(-4) + z/f. What is the greatest common factor of 16 and s?
16
Let r be (-4 - 70/(-25))*(-45)/2. What is the greatest common divisor of r and 297?
27
Suppose -3*w = -0*w - 27. What is the highest common factor of w and 45?
9
Suppose c + 3 + 5 = -2*a, -4*a = 20. Suppose -4 = -y + c. Suppose -5*r + 240 = -0*r. What is the greatest common factor of r and y?
6
Let p = -1 - -3. Let d = 12 + p. Calculate the greatest common divisor of 154 and d.
14
Let o be ((-60)/70)/((-3)/105). Calculate the highest common factor of o and 30.
30
Let y be ((-10)/6)/((-1)/3). Let k(u) = -1 + 2 - 2 + 5 + 2*u. Let n be k(y). What is the greatest common divisor of n and 70?
14
Suppose 0 = -3*i + 5*i + 3*r + 11, 10 = -5*i - 4*r. Calculate the highest common factor of 2 and i.
2
Let o(q) = q**3 - 7*q**2 - 10*q - 12. Let i be o(9). Let f = -33 - -48. What is the greatest common factor of i and f?
15
Suppose -3*x + 2*m + 16 = 3, 0 = 5*m - 5. Let w(r) = -2*r**2 - 27*r. Let n be w(-11). What is the highest common factor of n and x?
5
Let s(x) = -12*x. Let a be (-16 + 10)*(-4)/(-6). Let d be s(a). Calculate the highest common divisor of 6 and d.
6
Suppose -2*u = -1 - 5. Let v(z) = -1 + 19*z + u - 3. Let y be v(3). Calculate the greatest common divisor of y and 7.
7
Let n be -2 + 2*(-41)/2. Let v = 12 - n. What is the highest common factor of 22 and v?
11
Suppose 4*s = -b - 4, -4*b + 3 = -2*s - s. Let m = b - -1. Calculate the greatest common divisor of 1 and m.
1
Let z(n) = n**2 + 3*n + 3. Let j be z(-4). Calculate the highest common factor of j and 7.
7
Suppose o - 4 = -o. Suppose 3*b = 5*a + 2, -o*b + 0*a + a + 13 = 0. What is the highest common divisor of 36 and b?
9
Let m = -97 + 241. Let r(k) = 4*k - 20. Let w be r(9). What is the highest common factor of w and m?
16
Let d = -206 + 470. What is the greatest common divisor of d and 24?
24
Let b(k) = 6*k - 2. Let n be b(2). What is the greatest common factor of n and 2?
2
Suppose 2*w + 6 = 2, -3*d + 10 = -2*w. Let y be ((-20)/15)/(d/(-6)). Suppose 3 = -p + y*p. Calculate the highest common factor of p and 9.
1
Let i(m) = -6*m - 12. Let y be i(-10). Calculate the greatest common divisor of 4 and y.
4
Let p = 46 - 6. Let u(g) = 5*g. Let x be u(2). Calculate the highest common divisor of p and x.
10
Let p = 13 + -10. Suppose -6*a = -p*a - 48. Let u be 3/(-12) - 34/(-8). What is the highest common factor of u and a?
4
Suppose -3*r = -69 - 3. Calculate the highest common factor of r and 8.
8
Let y(u) = -4*u + 33. Let w be y(-11). Calculate the highest common factor of w and 7.
7
Let g = 17 - 0. Let h be (1*-2)/((-8)/204). Calculate the highest common factor of h and g.
17
Suppose 77 = 5*v - 133. What is the greatest common factor of 6 and v?
6
Let z(c) = -c**2 + 16*c - 3. Let v be z(15). What is the highest common divisor of v and 24?
12
Let x = -138 + 204. What is the highest common divisor of 6 and x?
6
Suppose 3*a + 85 = -2*a. Let x = 39 + a. Calculate the greatest common divisor of 22 and x.
22
Let l = 12 + 0. Calculate the greatest common factor of 18 and l.
6
Suppose 3*g + 32 = s - 24, 20 = -5*g. What is the greatest common factor of s and 22?
22
Suppose 0 = 5*b - 3*f - 2*f - 65, -f = 4*b - 37. Calculate the highest common factor of 15 and b.
5
Suppose -58 = -5*k + 22. Let g = 26 - k. Suppose 10*t = 5*t + 2*z + 340, 0 = t + 4*z - 90. What is the highest common divisor of t and g?
10
Suppose 5*s - 115 = 4*n, -2*s + 0*n + 46 = n. Calculate the highest common factor of s and 23.
23
Let h = 503 - 359. Suppose 3*y - i - 216 = 0, 0 = -2*y + 7*i - 3*i + h. Calculate the highest common factor of y and 9.
9
Let t be (-182)/(-210) + (-4)/(-30). Let r be (40/(-32))/(t/(-60)). Calculate the greatest common factor of r and 30.
15
Let w(a) = 6*a - 13. Let f be w(3). Calculate the greatest common divisor of 35 and f.
5
Let q be 3/(-5) + (-36)/(-10). Suppose -q*y + c = -y + 61, 2*y + 62 = 2*c. Let f = 8 - y. What is the greatest common divisor of f and 95?
19
Let n(g) = 13*g - 1. Let y be n(1). Suppose 4*k - y = k, -2*k = -5*c + 12. What is the greatest common divisor of 8 and c?
4
Let t be 2/8*-2*-4. Let j be (2/4)/(t/52). Let p = -7 + j. What is the greatest common factor of 2 and p?
2
Let u be 1/(-1)*(6 + -9). Let n be u + 108 + (0 - 1). Calculate the greatest common factor of n and 10.
10
Let l(p) = p**3 - 15*p**2 + p - 14. Let z be l(15). Let d(r) = 14*r**2 + r. Let b be d(z). What is the highest common divisor of 3 and b?
3
Let c = 18 - 12. What is the greatest common divisor of 12 and c?
6
Suppose k - 2*l = 3*k, 4*l - 1 = -3*k. Let v be 1 + k/1 + 3. Suppose -6 = v*b - 21. Calculate the greatest common factor of b and 25.
5
Let b be (-555)/30 - 1/(-2). Let d = 20 + b. What is the greatest common factor of d and 3?
1
Let r = 106 - 75. Let x = -16 + r. Calculate the highest common divisor of 3 and x.
3
Let q be (-435)/85 + (-2)/(-17). Let o be 46*(-3)/15*q. Suppose -5*w + 477 = -98. Calculate the greatest common factor of o and w.
23
Suppose 5*h = -3*y + 31